rue
Let o = 42143 + -22014. Is o composite?
False
Suppose -10 = 4*g + 10. Let k be g + 44/10 - (-34)/(-10). Is (0 + 6/(-9))*1506/k composite?
False
Suppose 4*y = -36, 5313288 = -169*h + 172*h - 5*y. Is h a prime number?
False
Let z(m) = -m**2 - 8*m + 13. Let y be z(-9). Let o be (y*-20)/(6/93). Let a = -675 - o. Is a a composite number?
True
Let z(m) be the second derivative of 14/3*m**4 - 1/3*m**3 - 11/2*m**2 + 0 - 5*m. Is z(4) a prime number?
True
Is 2209 + 16/40*-15 a prime number?
True
Let z(q) = 37 + 161*q + 45 + 156 + 1. Is z(18) prime?
True
Suppose 2480 = 203*m - 202*m. Suppose -6*w + w + m = -3*j, -2*j - 1986 = -4*w. Is w a composite number?
False
Is 4/8 - (-14409)/6 composite?
True
Let b(p) = p**3 + 9*p**2 + 9*p + 20. Let y be b(-8). Suppose 5*m + y = -m. Is 612 + (5 + m + -1 - 1) a composite number?
False
Let h be (-96)/(-20) - (-32)/(-40). Suppose b - 3*b = -h, 4*a - b - 3998 = 0. Suppose -2*c + 1281 + a = 5*z, 5*z - 4547 = -4*c. Is c composite?
True
Suppose -4*k = r - 8506 - 9529, -3*k = -4*r + 72254. Is r a composite number?
False
Suppose -240*l + 291*l = 3699897. Is l a composite number?
False
Let y(s) = -55 - 2*s + s**3 - 3*s - 6*s - 9*s - 8*s**2. Is y(22) a prime number?
False
Suppose 0 = -3*q + 4*i - i + 395634, 395624 = 3*q - i. Is q prime?
False
Suppose -12*i + 9*i - 210 = 0. Suppose 2*s - c = -18, -3*s + 5*s = -c - 22. Is 7/(i/2164)*s/4 a prime number?
True
Let o(z) = 3846*z**2 - 8*z - 11. Suppose p = -4*k - 18, 4*p - 9*p - 30 = 5*k. Is o(p) a composite number?
True
Let w(t) = 23 + 14*t - 2*t**3 + 7*t**3 - 67*t - 7*t**2. Is w(10) a composite number?
False
Suppose -138125 = -5*y + 2*x, -96*y + x - 110513 = -100*y. Is y prime?
False
Suppose 0 = 9*j - j - 20632. Is (0 - j)/(-5 + 24/6) prime?
True
Suppose -18*t + 19*t - 45956 = 0. Suppose 7*y + 11047 = t. Is y a prime number?
True
Suppose -42*f = -56*f + 42. Suppose 3*i - 40929 - 5485 = -4*k, -f*i = 2*k - 23210. Is k prime?
False
Suppose 0 = h + 2*i - 161383 + 52978, 3*i - 216808 = -2*h. Is h a prime number?
True
Suppose 0 = 6*x + 7*x - 1432483. Is x a prime number?
False
Let k be -6 - (0 - -820)/(-4). Suppose k*p - 39062 = 197*p. Is p a composite number?
False
Let s be 1/(-4 + (-2)/((-30)/63)). Suppose 13261 = s*t - 34794. Is t a composite number?
True
Let m = -57 - -59. Suppose d = m*d - 66. Suppose 2*y + 144 = 2*o + 3*y, d = o + 2*y. Is o a prime number?
False
Let k(u) be the third derivative of -29*u**5/40 + u**4/4 - 8*u**3/3 + 13*u**2. Let x(c) be the first derivative of k(c). Is x(-3) prime?
False
Suppose 24 = 2*s + 4*i, -s + 4*i + 9 + 3 = 0. Suppose 6 = s*g - 9*g. Suppose -4*o + 4031 = l, 5*o - g*l = -7*l + 5050. Is o a prime number?
False
Suppose 6*m - 501 = -17691. Let i = m - -879. Let x = i + 5395. Is x a prime number?
False
Let s(d) = -27*d - 19. Let p(z) = 7*z - 23. Let c be p(-5). Let x be (-1)/3 - (-6)/(36/c). Is s(x) composite?
False
Let l(i) = 18075*i - 56. Is l(3) composite?
True
Let j = -514 - -722. Let u = -81 + j. Is u a composite number?
False
Let j(n) = -15*n**2 - 2*n. Let d be j(1). Let r be (8/(-10))/((-14)/35). Is (0 - d)/1 + 0 + r prime?
True
Let r be 80808/9 + (-50)/(-15) + -3. Suppose -53879 = -20*j - r. Is j a composite number?
True
Let q(k) = 66*k + 1601. Is q(47) a composite number?
False
Suppose -6*y + 12 = -4*y. Suppose -2*o = 2*g - y, -4*o + 6 = o + 2*g. Suppose -3*j + 1329 - 288 = o. Is j prime?
True
Suppose 0 = -2*m + 2*n + 8654, 5*n - 3*n + 17308 = 4*m. Let q(y) = -78*y - 6. Let f be q(-5). Let s = m - f. Is s composite?
False
Suppose 15*i + 3312 = 23*i. Suppose -2*d + v = -420, -2*d + 4*v + i = 6*v. Is d composite?
True
Suppose 20*v = 18*v + 28. Suppose -v*s + 13*s = 0. Suppose -t + 818 = 3*p, 4*p - t - t - 1104 = s. Is p composite?
True
Suppose 3*j - 123056 = 146674. Let x = -54301 + j. Is x a prime number?
False
Suppose 0 = -3*o + 5*r - 124, -3*o = -0*r - 4*r + 128. Let h = -45 - o. Suppose h*p - 374 = -4*x, 0 = -5*p - 4*x - 395 + 1005. Is p prime?
False
Suppose -43*y = -69*y + 1135238. Is y prime?
False
Suppose 5*s - 1306267 = 4*u, -3*s + 783762 = -36*u + 33*u. Is s a prime number?
True
Suppose 2*u + 4*g = -0*u + 82, 0 = -3*g - 15. Suppose 33481 = -44*n + u*n. Is n prime?
True
Suppose -31*r + 42 + 20 = 0. Is r/7 + (-277798)/(-14) a composite number?
False
Let z be (-1)/(-6) - 216800/192. Let b = 1392 - z. Is b a prime number?
True
Let r be 36/10 + 2/5 + -1. Suppose -2*k + 4*k - 4*i = -3168, -1581 = k - r*i. Let m = 2263 + k. Is m composite?
False
Let m(t) = -75256*t - 3147. Is m(-26) a prime number?
True
Let n(j) = 338*j**3 - 3*j**2 - 12*j - 3. Let m be n(-2). Is (-354)/(-4)*(m/(-15) + 1) a composite number?
True
Let d be (-1 - -3)/(14/3 + -4). Suppose 3*t - 12 = -f + 4, -2*f = d*t - 20. Is -1 + t - (-437 + -14) prime?
False
Suppose -2*m = -15 + 7. Is (1111 - ((-16)/m - -2)) + 2 a prime number?
False
Suppose j = -11 + 101. Let o = 93 - j. Suppose -4*k - o*c + 3223 = k, 3*k + c = 1937. Is k a composite number?
False
Suppose 9*k - 503810 = 12*k - 13*k. Is k prime?
False
Is 14*3849314/252 + 10/45 a prime number?
False
Suppose 4*r - p + 2*p = -495, r + 129 = -2*p. Suppose 65*b = 48*b - 5270. Let c = r - b. Is c composite?
True
Let p(j) = 3*j**3 - 10*j**2 + 2*j + 4. Let t be p(3). Is -5*t - 91263/(-29) prime?
False
Let r(n) = 11288*n + 5619. Is r(13) a prime number?
True
Suppose 0 = -90*v + 61882194 + 9698676. Is v prime?
True
Let n be (-42)/(-28)*1288/(-3). Let q = 767 - -208. Let v = q + n. Is v a prime number?
True
Suppose -2*l = 3*a - 120401, -2*a - 3*l = -66810 - 13459. Suppose 0 = 3*j + 2*z - 2617 - 27484, -3*z + a = 4*j. Is j a prime number?
True
Suppose -4*i = 525*q - 523*q - 171590, -3*i + 128694 = q. Is i a composite number?
False
Let n be (-2)/(-3) - 154/6. Let f be (-11991)/(-245) - -3*(-8)/(-420). Let g = f - n. Is g a prime number?
False
Let y(t) = 1046*t**3 + 40*t**2 - 245*t + 10. Is y(7) a prime number?
False
Let a = 167509 + 2530. Is a a prime number?
False
Let o = 632 + -628. Suppose -3132 = -4*h - o*x, -5*h - 4*x = -115 - 3804. Is h prime?
True
Let x = -1 - -13. Suppose 37*n - 33*n = 3*b - 10517, 0 = 3*n - x. Is b a composite number?
False
Suppose 35*s - 5503831 - 68974 = 0. Is s composite?
False
Suppose 0 = 11*c - 73 - 37. Suppose n = -4*f + 2997, 9*n - 748 = -f + c*n. Is f prime?
False
Suppose 5*h = -3*d + 229748, 3*d - 33413 - 104437 = -3*h. Is h a composite number?
False
Let n(f) = -f - 1. Let l be n(-4). Let v be 30/(-20) - l*1/(-2). Suppose 0 = -3*a + 4*m - v*m + 2746, 5*a - 5*m - 4575 = 0. Is a prime?
False
Let p = 97470 + -49693. Is p prime?
True
Suppose -3*u + 40 = -8*u. Let d = 2 - u. Is ((-15)/(-2))/(-5) + 18185/d a prime number?
False
Let n be (-3)/(12/(-25)) + 3/(-12). Let b be (12/8)/(6/8). Suppose 508 = n*i - b*i. Is i a composite number?
False
Suppose -6*n = n - 4270. Suppose n = y - 589. Suppose -10*w - y + 6769 = 0. Is w a composite number?
False
Suppose 0 = -7*d - 2*d + 54. Let n(f) be the second derivative of f**4/3 - 5*f**3/6 + 13*f**2/2 - f. Is n(d) a composite number?
False
Let n be (488/(-6))/(2/9). Suppose 5*w = -5*o - 4350, 782 - 2510 = 2*o - 2*w. Let c = n - o. Is c composite?
True
Let j = 148823 - 46662. Is j a composite number?
False
Let j be 43876 + 1*(3 - 2) - 0. Let i be j/5 - 6/15. Let d = 12952 - i. Is d prime?
True
Let n(g) = g + 15. Let l be n(15). Suppose l*k - 1002525 = 5*k. Is k a prime number?
False
Suppose 0 = 219*o - 3686122 - 2268707. Is o a prime number?
True
Let g(y) = 1076*y**2 - 79*y - 10. Is g(-7) composite?
False
Suppose -6*q - 18789 = -8*q + 5*h, -4*h = -2*q + 18790. Suppose -5*t + 46962 - q = 0. Is t composite?
True
Let a(r) = 41*r**2 - 3 + 6 + 4*r - 38*r**2 - 3389*r**3 + 494*r**3. Is a(-1) a composite number?
False
Let i(f) = 111*f**2 - 56*f - 18. Is i(19) a composite number?
True
Let p(s) = -s**3 + 4*s**2 - 5*s + 6. Let k be p(2). Suppose -3*g + 6290 = -l + 6*l, 5*l + k*g - 6285 = 0. Is l a prime number?
False
Suppose -5*x - 5*u + 10*u = -1034280, -3*u = 3*x - 620526. Is x a composite number?
True
Is (-482 + 3)*((-78)/13)/3 prime?
False
Let z(k) = 2*k - 15. Let q(x) = x. Let w(f) = -q(f) - z(f). Let h be w(3). Is (-1)/h + 986/12 a composite number?
True
Let x(r) = 2*r**3 - 8*r**2 + 22*r - 161. Is x(37) prime?
False
Let v(r) = -21*r + 8. Let n be v(4). Let y = 103 + 